is the remainder when d is divided by z?
1
Let m = -3 + 12. Suppose -m*g - 86 = -293. Calculate the remainder when 37 is divided by g.
14
Let a(u) = -4*u + 16. Let z be a(6). Suppose 5*i + 57 = -23. Let o = z - i. Calculate the remainder when 26 is divided by o.
2
Suppose 898*m - 903*m + 60 = 0. Suppose -2*k + 148 = -c + 6*c, -3*c = 4*k - 282. Calculate the remainder when k is divided by m.
9
Let v be 7 + 199 + 3 + -4 + 1. Suppose 4*m + v = 2*t, -3*t - 4*m + 361 = 12. What is the remainder when t is divided by 29?
24
Let d(c) = c**2 - 2*c - 230. What is the remainder when 258 is divided by d(-15)?
8
Suppose 0 = 10*f - 16*f + 7026. Calculate the remainder when f is divided by 19.
12
Let b(z) = -3*z**3 - 2*z - 2. What is the remainder when 10*(-5)/2*-3 is divided by b(-2)?
23
Let h(s) = 2*s + 31. Let x be h(-9). Let l = x - -44. Let g(q) = -q**3 - 7*q**2 + 5*q + 5. What is the remainder when l is divided by g(-8)?
28
Suppose -4*d = -q + 89, 2*q - 3*d - 118 = -7*d. Suppose -4*n + q = j, -5*n + 2*j = -j - 82. Let u = 27 - n. What is the remainder when 27 is divided by u?
7
Let k(y) = y**3 - 8*y**2 - 13*y - 2. Suppose 0 = 8*w - 7*w - 5, -w - 25 = -3*z. Calculate the remainder when k(10) is divided by z.
8
Let f(y) = -y**3 - 5*y**2 + 7*y + 3. Let a be f(-6). Let i(o) = o**2 + o - 6. Let m be i(a). Let u = m + 67. Calculate the remainder when u is divided by 17.
16
Suppose 0 = -2*y + f + 21, 5*y - 14*f - 54 = -10*f. What is the remainder when y is divided by 1?
0
Let d = 1023 + -722. What is the remainder when d is divided by 79?
64
Let w = 1500 + -1438. What is the remainder when 117 is divided by w?
55
Let j(d) = d**3 - d**2 + d + 1. Let v be j(1). What is the remainder when 77 + 10 - (v + -1) is divided by 29?
28
Suppose -4345 = 77*q - 156*q. What is the remainder when 92 is divided by q?
37
Suppose -2*k = -18*k + 352. What is the remainder when 75 is divided by k?
9
Calculate the remainder when -230*-5*(-2)/(-50) is divided by 25.
21
Suppose -3*o + 32 = 2*p - p, -2*p = 2. What is the remainder when 29 is divided by o?
7
Suppose 0 = 6*b + 2 - 14. Suppose -2*s - 88 = -5*z, 2*s + 3*s = 2*z - 52. Calculate the remainder when z is divided by (189/36 + -5)/(b/24).
1
Let w(v) = v**3 + 25*v**2 + 88*v + 40. Calculate the remainder when w(-18) is divided by 29.
28
Let d(j) = j**3 - 6*j**2 - 3*j + 6. Let m be d(6). Let k = 15 + m. Suppose 33 = 3*s - 0*s. What is the remainder when s is divided by k?
2
Suppose -44 = 4*p - 2*b, 0 = 4*p + 3*b + 16 + 8. Let w = p + 64. Calculate the remainder when w is divided by 15.
10
Let w(m) = -136*m - 913. Calculate the remainder when w(-9) is divided by 89.
44
Let l(d) = d**2 - 8*d - 6. Calculate the remainder when 39 is divided by l(10).
11
Suppose -2*p + 22 = t, 4*p + 0*t - t - 38 = 0. Suppose 12 = c - 3*h + 5*h, -2*c = -3*h - p. Calculate the remainder when c is divided by 5.
3
Calculate the remainder when (-9 - -7)*(-246)/3 is divided by 13.
8
Let s = -1 - -8. Let p(r) = r**3 - 5*r**2 - 4*r - 7. Let g be p(s). Calculate the remainder when 5 is divided by -3*(-7)/(g/12).
1
Let w be 5/((-20)/(-112)) - -1. Let k = -27 + w. Suppose 0*s + 55 = 2*l - 5*s, k*l - 43 = s. What is the remainder when 36 is divided by l?
16
Let g be (-2)/(-3)*15/2. Let o be 15/g*(-2 + 13). Suppose 5*v + 130 = 5*t, -51 = -4*t - v + o. Calculate the remainder when t is divided by 8.
6
Let t = 137 + -54. Suppose t = 2*d + 4*p - 73, 4*d + 4*p = 296. What is the remainder when d is divided by 18?
16
Let n = 28 + -18. Let v(p) = -p**3 + 11*p**2 - 11*p + 13. Let h(s) = -s**3 - 4*s**2 - 2*s. Calculate the remainder when h(-4) is divided by v(n).
2
Suppose -5*b - 77 = -5*j + 18, j + 4*b - 9 = 0. Calculate the remainder when 45 is divided by j.
11
Let r = 188 - 171. Calculate the remainder when 356 is divided by r.
16
Suppose -o - 2*n = -0*n, -4*n = 4*o. Let s(m) = -m**3 - m**2 + 76. Calculate the remainder when s(o) is divided by 21.
13
Suppose -4*w - 3*p = -143, 0 = -5*w + 3*p - 0*p + 145. Suppose -w = 5*h - 3*h. What is the remainder when (18/8)/((-4)/h) is divided by 4?
1
What is the remainder when (((-4960)/24)/10)/((-2)/3) is divided by 2?
1
Suppose 2*s - v = -105, -4*s + 0*s = 5*v + 203. Calculate the remainder when 66 is divided by s/(-3) - (-15)/(-45).
15
Suppose 2*i = -265 + 1295. Let z be i/35 + 2/7. What is the remainder when 264/z - 4/(-10) is divided by 10?
8
Let g be (-4 + 552)*(3 - 2). Let a = g - 381. Calculate the remainder when a is divided by 24.
23
Calculate the remainder when 38 is divided by (-17 - (-13 + 1)) + 2 + 9.
2
Suppose -5*b + 68 = -357. Calculate the remainder when 331 is divided by b.
76
Let y = 10 - -6. Suppose x + 8 = -2*u, -2*u - 2*u = -5*x + y. Suppose 5*i - 10 - 200 = x. What is the remainder when i is divided by 22?
20
Calculate the remainder when (208/10)/(50/375) is divided by 48.
12
Suppose -p = o - 75, 4*p + o = -p + 391. What is the remainder when p is divided by 46?
33
Let z(c) = -2*c + 37. What is the remainder when 131 is divided by z(9)?
17
Suppose 2*p - 4*h = -h + 576, 0 = 4*p + 3*h - 1134. Calculate the remainder when p is divided by 22.
21
Suppose -3*w + 4*n + n + 258 = 0, -5*w - 2*n + 461 = 0. Suppose -2*m + 42 = -5*m. Let s = m - -37. Calculate the remainder when w is divided by s.
22
Suppose -3*b - q + 108 = 0, -2*b - 3*q + 97 = 32. Calculate the remainder when 224 is divided by b.
2
Suppose -180 = -4*b + 4*l, b + 2*l + 228 = 6*b. Let n(d) = -3*d**2 + 34*d - 5. What is the remainder when 2*1*b/4 is divided by n(11)?
5
Let p be 2 + 5/(5/36). Suppose -3*w - 28 = p. Let i = -11 - w. Calculate the remainder when 21 is divided by i.
10
Suppose -n = -5*b - 29 - 15, -3*n - 2*b + 81 = 0. What is the remainder when 289 is divided by n?
28
Let n(t) = 5*t - 39. Calculate the remainder when 59 is divided by n(11).
11
Let d = -1118 + 1137. Calculate the remainder when 98 is divided by d.
3
Let l = 21 + 10. What is the remainder when l is divided by 4*(-4)/(144/(-81))?
4
Suppose 0 = -9*d - 154 + 226. Calculate the remainder when (-1)/(-3) - (-177)/9 is divided by d.
4
Let h = -85 - -107. Calculate the remainder when 131 is divided by h.
21
Suppose 6 + 34 = 2*l. Let a be ((-24)/18)/(4/(-6)). Suppose 41 = d + b, 3*d - 4*b - 26 = a*d. What is the remainder when d is divided by l?
18
Let z(o) = -6*o**3 - o. Suppose 0 = 4*x + 1 - 13. Suppose -p = x*h - 1 + 8, -22 = -5*p + 4*h. Calculate the remainder when z(-1) is divided by p.
1
Suppose 0 = 5*l + z - 30, 0 = -5*l + z + 43 - 3. Suppose 3*u = 4*c + 68, 0 = 4*u - u - c - 53. What is the remainder when u is divided by l?
2
Let p = 51 - -84. What is the remainder when p is divided by 61?
13
Let z = -15 - -6. Let r be (-303)/z + (-3)/(-9). Suppose 4*j - 83 = -4*f - f, -2*j - 4*f + r = 0. What is the remainder when j is divided by 7?
6
Let d(a) = 1 - a**2 + 30*a**3 + 2 - 2. Let n be d(1). Suppose 3*b - n = 27. What is the remainder when b is divided by 7?
5
Calculate the remainder when -3 - 8996/(-78)*(-3)/(-2) is divided by 55.
5
Let q be 0/(-5 + 4 + 3). Suppose 7*i - 360 = 5*b + 2*i, -5*b + 2*i - 369 = q. Let k = -38 - b. Calculate the remainder when k is divided by 13.
11
Suppose -4*m = -4*n + 288, 3*n - 8*m + 10*m = 206. What is the remainder when 767 is divided by n?
67
Suppose 3 = 3*h - 2*d, 4 - 10 = -2*d. Suppose 0 = -2*c + 5*a + 195, -4*c = -5*c + h*a + 98. Calculate the remainder when c is divided by 16.
15
Suppose w + 0*w - 17 = -5*c, 0 = -3*w + 4*c + 127. Let y = 2303 - 2282. Calculate the remainder when w is divided by y.
16
Let y = 6 - 3. What is the remainder when 2/((-54)/7 + 8) is divided by y?
1
Let h(w) = 10*w + 0*w**2 - 5 - 11*w + 3*w**2. Let i be h(-6). Let g = i - 62. Calculate the remainder when g is divided by 12.
11
Calculate the remainder when 4026/15 + ((-28)/20 - -2) is divided by 27.
26
Suppose -5*l + 0*l = -2*t + 40, -4*l + 5*t = 15. Let o = l + 28. Suppose 2*w = -w + 21. Calculate the remainder when o is divided by w.
4
Suppose -3*k + 35 = 2*k. Calculate the remainder when 11 is divided by (k - 6/2) + 0.
3
Let u(v) = 30*v + 1029. Calculate the remainder when 545 is divided by u(-33).
38
Let o(k) = k**3 - 21*k**2 + 5*k - 56. Calculate the remainder when 129 is divided by o(21).
31
Let x(a) = 6*a + 1. Let n = -11 + 17. Suppose 4 = -2*p + n*p. Wh